/(-18)). What is the greatest common factor of 11 and p?
11
Suppose -40 = 69*u - 70*u. Suppose 0 = 4*a - 17 - 27. Suppose 0 = 3*n + 5*t, -4*n - 3*t + 0 = -a. Calculate the greatest common divisor of u and n.
5
Let f be (-16)/2*(-841)/232. What is the highest common factor of f and 3103?
29
Let c(x) = -21*x**2 + 1. Let n be c(1). Let y be (3 - (-75)/n)*-56. Let j = y + -35. Calculate the greatest common factor of j and 21.
7
Let d = -1045 - -1693. What is the highest common divisor of d and 24?
24
Let z be (2 - 0) + 3 + -5. Suppose z = w, -g + 6 = -3*g + w. Let h be (-180)/(-10)*(-1)/g. Calculate the highest common divisor of h and 4.
2
Let s(q) = -22*q + 35. Let p(d) = -d**2 - 45*d + 72. Let b(y) = -3*p(y) + 7*s(y). Let m be b(6). What is the greatest common factor of m and 69?
23
Let p(y) = -y**3 + y**2 - 9*y - 19. Let x be p(-3). Calculate the greatest common divisor of x and 1672.
44
Suppose s - 3 = 2*s. Let z be (-47)/(-4) + s/(-12). Suppose 4*g - 64 + 16 = 0. What is the highest common factor of z and g?
12
Let l = 45 - 27. Let m = -15 + l. Suppose 0 = m*i + i - 40. What is the greatest common factor of 80 and i?
10
Let q(k) = -k**3 + 4*k**2 - 2. Let s be q(3). Let o = s + -2. Suppose 3*h = n - 48, n = -4*n + o*h + 200. What is the highest common divisor of 54 and n?
18
Let g(l) = l**2 + 3*l + 8. Let f be g(-6). Let n(z) = -2*z + 40. Let d be n(10). Suppose d*s - 156 = 17*s. What is the highest common divisor of s and f?
26
Let k be 1/(-5) - (-4)/((-20)/(-151)). Calculate the greatest common divisor of k and 50.
10
Let y be ((-46)/(-4))/(1/2). Suppose 1 = 3*h - y. Let w be (-1)/(-3) + 263/3. What is the greatest common factor of h and w?
8
Suppose -3*v + 160 = 10. Calculate the highest common factor of 450 and v.
50
Let u = 778 + -479. What is the highest common divisor of u and 13?
13
Suppose 5 = -m + 2*o - 5*o, 3*o = 5*m + 7. Let w be (198/(-1 + m))/(-1). What is the greatest common divisor of w and 44?
22
Suppose -13*l + 10*l = -96. Calculate the highest common factor of 928 and l.
32
Let r(g) = -10*g**3 + g + 1. Let f be 2/2 - (2 - 0). Let m be r(f). Suppose -5*j - 318 = -868. Calculate the highest common factor of m and j.
10
Let z(y) = 109*y + 328. Let d be z(-2). What is the highest common divisor of d and 935?
55
Let f(o) = 15*o - 22. Let w be f(6). Let l = 74 - w. What is the greatest common factor of 8 and l?
2
Let d = 2 - -3. Let g be d/((-30)/4)*-264. Let q = 420 + -404. What is the highest common factor of q and g?
16
Let x(d) = -d**3 - 12 - d**2 + 22 - 3 + 6*d - 3*d**3. Let h be x(-3). What is the greatest common divisor of 8 and h?
8
Suppose 3*z + k = 3, -z + 6*k + 14 = 2*k. Suppose -4*n + z*c = -2*n - 34, 2*n = -2*c + 26. Calculate the highest common factor of n and 10.
5
Let g(l) = -l**3 + l**2 + 32*l + 10. Let v be g(-7). What is the highest common factor of v and 1513?
89
Let s(k) = 2*k**2 - k - 15. Let o be s(-3). What is the greatest common factor of o and 129?
3
Let b = 4 + -2. Suppose -d = b*d. Suppose 3*k - 57 - 30 = d. Calculate the highest common factor of k and 261.
29
Let x(j) = 81*j**2 + j + 1. Let p be x(-1). Let k(t) = -301 + 38*t + 281 - 9*t. Let a be k(1). Calculate the greatest common factor of p and a.
9
Let n be ((-5)/(-3) + -1)*(182 - -28). What is the highest common factor of n and 20?
20
Suppose 0 = -2*v - 3*v - 2*t + 136, 5*t + 11 = v. Calculate the highest common factor of 2106 and v.
26
Let b be ((-5)/(-1))/((-2)/(-4)). Let m(q) = -q**3 + 9*q**2 + 14*q + 2. Let z be m(b). Suppose 8*s = 3*s + 140. Calculate the highest common factor of s and z.
14
Suppose 5*n - 170 = 30. Let l = n + 64. Let u be (-5)/2*l/(-20). What is the highest common divisor of u and 143?
13
Suppose 213 = 4*p + 85. Calculate the highest common factor of p and 296.
8
Let h = 40 - 40. Suppose 0 = l + 5*a - 48, h = 3*a - 5 - 10. What is the greatest common factor of l and 69?
23
Let l be 6/((-36)/285)*6/(-15). Suppose 2*g + 4 = 2*y, -5*g - y = -l + 5. Calculate the greatest common divisor of g and 14.
2
Suppose z = 4*d - z - 60, -d - 3*z = -15. Let v(c) = -c**3 + 11*c**2 - 7*c - 3. Let w be v(6). Calculate the highest common factor of d and w.
15
Let q(y) = -y + 9. Let n be q(0). Let v = n + -6. Suppose -v*u + 30 = -u. What is the highest common divisor of u and 120?
15
Suppose 92 = 4*x - 8. Suppose 59 + x = 4*i. Calculate the greatest common divisor of i and 42.
21
Let d be ((-36)/15)/((-12)/800). Suppose 0 = 4*i - 0*i - d. Suppose -6*o - 3*x + i = -o, o - 5*x - 8 = 0. What is the highest common factor of o and 72?
8
Let l(n) = 26*n - 202. Let m be l(8). Suppose -3*q + q = 0. Suppose q = 3*j - d - 22, 4*j - 28 = 2*d - d. What is the highest common factor of j and m?
6
Let m be (-4)/(-1 + 3) - -36. Let w be 1 - (1 - (48 + 1)). Let o be (2 - w*-1)*1. What is the highest common divisor of m and o?
17
Suppose -2*c - 2*c - 328 = 0. Let h = 86 - c. What is the highest common factor of 21 and h?
21
Let d be 304/9 + 6/27. Suppose 0 = -4*v - 2 + d. Let m(x) = x**2 + 44*x + 108. Let y be m(-42). Calculate the highest common divisor of v and y.
8
Let c(a) = -3*a - 12. Let j be c(-5). Let m be 3*j/(-6)*-22. Let v = -17 + m. What is the greatest common divisor of v and 24?
8
Let l = 30 - 18. Suppose -d + l = -24. Calculate the highest common factor of d and 288.
36
Let v be -262 + 1 + 3/1. Let r = -144 - v. Calculate the highest common divisor of 171 and r.
57
Let f(k) = 9*k**3 + k**2. Let l be f(1). Let x be (53 + 52)/(6/4). Calculate the highest common factor of x and l.
10
Let v = -100 - -165. Suppose -13 - 26 = -3*f. What is the highest common factor of f and v?
13
Let i = -593 - -620. Calculate the greatest common divisor of 864 and i.
27
Suppose 2*x - x = 4. Suppose -x*w = 4 - 24. Let l be (27 + w)/(1/2). Calculate the highest common divisor of 8 and l.
8
Let h be -2 + -1 + (2 + -1 - -8). Suppose -f + 2 = h, -5*a + 2*f = -53. Let g = 221 - 158. What is the highest common factor of g and a?
9
Suppose 4*h - 119 = -3*g, 4*h - 48 = g + 67. Let n = 41 + h. What is the highest common divisor of 14 and n?
14
Suppose -5*v = 3*m - 2055, -13*v - 398 = -14*v + 2*m. Let t(o) = o**3 - o**2 + 2*o - 5. Let y be t(4). Calculate the greatest common factor of y and v.
51
Let p = -1832 + 2126. What is the highest common divisor of 210 and p?
42
Let x(s) = 3*s**2 - 2*s + 3. Let y be x(3). Let i be (-48)/(1/(-1))*y/16. Calculate the highest common divisor of 8 and i.
8
Suppose 5*f - m = 1168, -4*f + 2*m = -77 - 855. Let d be -2 - (-31 + 1) - (3 - 1). Calculate the greatest common factor of f and d.
26
Let i(k) be the first derivative of 4*k**3/3 - k**2 - 2*k - 13. Let s be i(-1). What is the highest common factor of s and 4?
4
Let g be (335 - (-2 + -3))*(-48)/(-40). Calculate the greatest common factor of g and 24.
24
Suppose -y + 5 = 1. Suppose y*c + 9 = 61. Suppose -4*q = -f + 25, -q = 3*f - 4*q - 48. Calculate the highest common factor of c and f.
13
Suppose -3*t + 15 = 2*g, t - 3 = g - t. Let y be 0 - g/9*3*-10. What is the greatest common divisor of y and 30?
10
Let c = 135 - 38. Let g = 133 - c. Calculate the highest common divisor of 216 and g.
36
Let p(n) = 2*n**2 + 9*n + 3. Let i be p(-5). Suppose 9*w - 6*w = 48. What is the greatest common factor of w and i?
8
Let m(l) = -l**3 - 30*l**2 - 107*l - 94. Let q be m(-30). What is the highest common factor of q and 76?
76
Let u(o) = -o**2 - 35*o - 216. Let l be u(-21). What is the highest common factor of 104 and l?
26
Let f be (-9)/(-6)*20/15. Suppose 0 = y - k - 7 - 8, -f*y = k - 33. Calculate the highest common factor of 8 and y.
8
Let s(w) = -5*w + 7. Let i be s(3). Let b be i/(-32) + (-163)/(-4). What is the greatest common factor of 164 and b?
41
Let q = 11 + -8. Let v(f) be the third derivative of -7*f**4/24 - 4*f**3/3 + 24*f**2. Let t be v(-5). What is the highest common divisor of q and t?
3
Let z(u) = 1 - 54 + 7 - 5*u. Let m be z(-14). Calculate the greatest common factor of m and 32.
8
Suppose 4*j + p - 207 = 3*j, -2*p = 3*j - 626. Suppose -2*z = -5*v - 0*v - 121, 4*z = 4*v + j. What is the highest common factor of z and 12?
12
Suppose 82 + 0 = 2*g. Let l be (1 + 5)*(-2)/(-3). Suppose 26 = 4*i + 2*p, -l*i + 2*p = p - g. What is the greatest common factor of i and 45?
9
Let s = -139 + 170